{"id":1060,"date":"2023-08-09T00:57:33","date_gmt":"2023-08-08T17:57:33","guid":{"rendered":"https:\/\/nuocdongtrunghathao.vn\/?post_type=product&#038;p=1060"},"modified":"2026-04-08T16:59:55","modified_gmt":"2026-04-08T09:59:55","slug":"nuoc-dong-trung-ha-thao-cocogi-truong-dai-hoc-nha-trang","status":"publish","type":"product","link":"https:\/\/nuocdongtrunghathao.vn\/index.php\/product\/nuoc-dong-trung-ha-thao-cocogi-truong-dai-hoc-nha-trang\/","title":{"rendered":"1 h\u1ed9p n\u01b0\u1edbc \u0110\u00f4ng Tr\u00f9ng H\u1ea1 Th\u1ea3o COCOGI"},"content":{"rendered":"<p><strong>Th\u00e0nh ph\u1ea7n:<\/strong> Chi\u1ebft xu\u1ea5t \u0111\u00f4ng tr\u00f9ng h\u1ea1 th\u1ea3o (60%), chi\u1ebft xu\u1ea5t s\u00e2m d\u00e2y Ng\u1ecdc Linh (20%), chi\u1ebft xu\u1ea5t s\u1ee5n vi c\u00e1 thi\u00ean nhi\u00ean (5%), collagen (2000mg), vitamin C (axit ascobic), n\u01b0\u1edbc, \u0111\u01b0\u1eddng.<\/p>\n<p><strong>Th\u1ec3 t\u00edch th\u1ef1c:<\/strong> 50ml<\/p>\n<p><strong>Quy c\u00e1ch \u0111\u00f3ng g\u00f3i:<\/strong> 5 chai \/ h\u1ed9p, \u0111\u00f3ng trong h\u0169 th\u1ee7y tinh cao c\u1ea5p.<\/p>\n<p><strong>H\u01b0\u1edbng d\u1eabn s\u1eed d\u1ee5ng:<\/strong> S\u1eed d\u1ee5ng 1 \u0111\u1ebfn 2 l\u1ecd \/ ng\u00e0y v\u00e0o m\u1ed7i bu\u1ed5i s\u00e1ng. Ngon h\u01a1n khi u\u1ed1ng l\u1ea1nh. S\u1eed d\u1ee5ng trong v\u00f2ng 1 gi\u1edd khi m\u1edf n\u1eafp.<\/p>\n<p><strong>H\u01b0\u1edbng d\u1eabn b\u1ea3o qu\u1ea3n:<\/strong> B\u1ea3o qu\u1ea3n n\u01a1i kh\u00f4 r\u00e1o, tho\u00e1ng m\u00e1t, tr\u00e1nh \u00e1nh n\u1eafng tr\u1ef1c ti\u1ebfp.<\/p>\n<p><strong>Th\u00f4ng tin c\u1ea3nh b\u00e1o:<\/strong> Kh\u00f4ng s\u1eed d\u1ee5ng s\u1ea3n ph\u1ea9m khi c\u00f3 d\u1ea5u hi\u1ec7u l\u1ea1.<\/p>\n<p><strong>Ng\u00e0y s\u1ea3n xu\u1ea5t \/ H\u1ea1n s\u1eed d\u1ee5ng:<\/strong> xem tr\u00ean bao b\u00ec.<\/p>\n<p><strong>Xu\u1ea5t x\u1ee9:<\/strong> S\u1ea3n xu\u1ea5t v\u00e0 \u0111\u00f3ng g\u00f3i t\u1ea1i Trung t\u00e2m Nghi\u00ean c\u1ee9u &amp; Ch\u1ebf bi\u1ebfn th\u1ef1c ph\u1ea9m \u2013 Tr\u01b0\u1eddng \u0110\u1ea1i h\u1ecdc Nha Trang<\/p>\n<p><strong>\u0110\u1ecba ch\u1ec9 s\u1ea3n xu\u1ea5t:<\/strong> th\u00f4n \u0110\u1ea1i C\u00e1t 1, x\u00e3 Ninh Ph\u1ee5ng, th\u1ecb x\u00e3 Ninh H\u00f2a, Kh\u00e1nh H\u00f2a.<\/p>\n<p><strong>S\u1ed1 TCB:<\/strong> 01\/TRUNG T\u00c2M NC &amp; CBTP\/2024.<\/p>\n<p><img decoding=\"async\" loading=\"lazy\" class=\"size-medium wp-image-1069 aligncenter\" src=\"https:\/\/nuocdongtrunghathao.vn\/wp-content\/uploads\/2023\/08\/CATOLOG-DTHT-2-212x300.jpg\" alt=\"\" width=\"212\" height=\"300\" srcset=\"https:\/\/nuocdongtrunghathao.vn\/wp-content\/uploads\/2023\/08\/CATOLOG-DTHT-2-212x300.jpg 212w, https:\/\/nuocdongtrunghathao.vn\/wp-content\/uploads\/2023\/08\/CATOLOG-DTHT-2-724x1024.jpg 724w, https:\/\/nuocdongtrunghathao.vn\/wp-content\/uploads\/2023\/08\/CATOLOG-DTHT-2-768x1086.jpg 768w, https:\/\/nuocdongtrunghathao.vn\/wp-content\/uploads\/2023\/08\/CATOLOG-DTHT-2-1087x1536.jpg 1087w, https:\/\/nuocdongtrunghathao.vn\/wp-content\/uploads\/2023\/08\/CATOLOG-DTHT-2-1449x2048.jpg 1449w, https:\/\/nuocdongtrunghathao.vn\/wp-content\/uploads\/2023\/08\/CATOLOG-DTHT-2-600x848.jpg 600w, https:\/\/nuocdongtrunghathao.vn\/wp-content\/uploads\/2023\/08\/CATOLOG-DTHT-2-scaled.jpg 1811w\" sizes=\"(max-width: 212px) 100vw, 212px\" \/><\/p>\n","protected":false},"excerpt":{"rendered":"<div class=\"x9f619 x1n2onr6 x1ja2u2z x78zum5 x2lah0s x1qughib x1qjc9v5 xozqiw3 x1q0g3np x1pi30zi x1swvt13 xyamay9 xykv574 xbmpl8g x4cne27 xifccgj\">\n<div class=\"x9f619 x1n2onr6 x1ja2u2z x78zum5 xdt5ytf x193iq5w xeuugli x1r8uery x1iyjqo2 xs83m0k xsyo7zv x16hj40l x10b6aqq x1yrsyyn\">\n<div class=\"x2b8uid\"><span class=\"x193iq5w xeuugli x13faqbe x1vvkbs x1xmvt09 x1lliihq x1s928wv xhkezso x1gmr53x x1cpjm7i x1fgarty x1943h6x xudqn12 x3x7a5m x6prxxf xvq8zen xo1l8bm xzsf02u\" dir=\"auto\">S\u1ee9c kh\u1ecfe t\u01b0\u01a1i m\u1edbi t\u1eeb thi\u00ean nhi\u00ean, c\u00f9ng kh\u00e1m ph\u00e1 s\u1ef1 k\u1ef3 di\u1ec7u c\u1ee7a n\u01b0\u1edbc \u0111\u00f4ng tr\u00f9ng h\u1ea1 th\u1ea3o COCOGI.<\/span><\/div>\n<\/div>\n<\/div>\n","protected":false},"featured_media":1346,"comment_status":"open","ping_status":"closed","template":"","meta":[],"product_cat":[35],"product_tag":[],"_links":{"self":[{"href":"https:\/\/nuocdongtrunghathao.vn\/index.php\/wp-json\/wp\/v2\/product\/1060"}],"collection":[{"href":"https:\/\/nuocdongtrunghathao.vn\/index.php\/wp-json\/wp\/v2\/product"}],"about":[{"href":"https:\/\/nuocdongtrunghathao.vn\/index.php\/wp-json\/wp\/v2\/types\/product"}],"replies":[{"embeddable":true,"href":"https:\/\/nuocdongtrunghathao.vn\/index.php\/wp-json\/wp\/v2\/comments?post=1060"}],"wp:featuredmedia":[{"embeddable":true,"href":"https:\/\/nuocdongtrunghathao.vn\/index.php\/wp-json\/wp\/v2\/media\/1346"}],"wp:attachment":[{"href":"https:\/\/nuocdongtrunghathao.vn\/index.php\/wp-json\/wp\/v2\/media?parent=1060"}],"wp:term":[{"taxonomy":"product_cat","embeddable":true,"href":"https:\/\/nuocdongtrunghathao.vn\/index.php\/wp-json\/wp\/v2\/product_cat?post=1060"},{"taxonomy":"product_tag","embeddable":true,"href":"https:\/\/nuocdongtrunghathao.vn\/index.php\/wp-json\/wp\/v2\/product_tag?post=1060"}],"curies":[{"name":"wp","href":"https:\/\/api.w.org\/{rel}","templated":true}]}}